s digit of 2007?
0
What is the tens digit of 37217?
1
What is the hundreds digit of 561?
5
What is the hundreds digit of 24666?
6
What is the tens digit of 33445?
4
What is the hundreds digit of 10454?
4
What is the tens digit of 5507?
0
What is the tens digit of 442?
4
What is the hundreds digit of 102?
1
What is the hundreds digit of 1004?
0
What is the units digit of 101?
1
What is the tens digit of 811?
1
What is the hundreds digit of 626?
6
What is the ten thousands digit of 16544?
1
What is the thousands digit of 1691?
1
What is the thousands digit of 14510?
4
What is the ten thousands digit of 40990?
4
What is the ten thousands digit of 25977?
2
What is the units digit of 1455?
5
What is the hundreds digit of 461?
4
What is the units digit of 13487?
7
What is the tens digit of 35657?
5
What is the tens digit of 553?
5
What is the units digit of 42519?
9
What is the hundreds digit of 5952?
9
What is the thousands digit of 4293?
4
What is the hundreds digit of 588?
5
What is the units digit of 4801?
1
What is the hundreds digit of 897?
8
What is the tens digit of 1475?
7
What is the tens digit of 1257?
5
What is the thousands digit of 50867?
0
What is the units digit of 4120?
0
What is the tens digit of 9266?
6
What is the units digit of 2479?
9
What is the tens digit of 6752?
5
What is the hundreds digit of 15533?
5
What is the units digit of 112871?
1
What is the thousands digit of 2516?
2
What is the thousands digit of 73445?
3
What is the tens digit of 460?
6
What is the ten thousands digit of 141731?
4
What is the tens digit of 17427?
2
What is the tens digit of 2525?
2
What is the units digit of 29731?
1
What is the hundreds digit of 1544?
5
What is the hundreds digit of 17524?
5
What is the ten thousands digit of 69244?
6
What is the tens digit of 15585?
8
What is the thousands digit of 1409?
1
What is the thousands digit of 4648?
4
What is the hundreds digit of 54543?
5
What is the thousands digit of 3853?
3
What is the hundreds digit of 1574?
5
What is the units digit of 5910?
0
What is the units digit of 5486?
6
What is the hundreds digit of 637?
6
What is the tens digit of 820?
2
What is the hundreds digit of 10645?
6
What is the hundreds digit of 2080?
0
What is the units digit of 62?
2
What is the tens digit of 5124?
2
What is the tens digit of 2574?
7
What is the hundreds digit of 14506?
5
What is the thousands digit of 15319?
5
What is the units digit of 24062?
2
What is the units digit of 206167?
7
What is the hundreds digit of 1492?
4
What is the ten thousands digit of 98351?
9
What is the tens digit of 7516?
1
What is the tens digit of 48322?
2
What is the hundreds digit of 2435?
4
What is the ten thousands digit of 15901?
1
What is the thousands digit of 18102?
8
What is the tens digit of 77?
7
What is the hundreds digit of 242?
2
What is the tens digit of 536?
3
What is the units digit of 3527?
7
What is the units digit of 1241?
1
What is the tens digit of 12989?
8
What is the units digit of 2997?
7
What is the hundreds digit of 167?
1
What is the hundreds digit of 4962?
9
What is the units digit of 5?
5
What is the thousands digit of 9543?
9
What is the thousands digit of 64345?
4
What is the tens digit of 9287?
8
What is the hundreds digit of 13289?
2
What is the units digit of 3434?
4
What is the units digit of 48192?
2
What is the hundreds digit of 10767?
7
What is the hundreds digit of 3374?
3
What is the tens digit of 81?
8
What is the units digit of 1055?
5
What is the hundreds digit of 483?
4
What is the tens digit of 13707?
0
What is the hundreds digit of 3588?
5
What is the hundreds digit of 672?
6
What is the hundreds digit of 596?
5
What is the hundreds digit of 516?
5
What is the tens digit of 9501?
0
What is the units digit of 543?
3
What is the tens digit of 100?
0
What is the hundreds digit of 13258?
2
What is the thousands digit of 60884?
0
What is the hundred thousands digit of 140033?
1
What is the thousands digit of 1208?
1
What is the units digit of 169131?
1
What is the hundreds digit of 1919?
9
What is the tens digit of 38347?
4
What is the thousands digit of 25805?
5
What is the tens digit of 964?
6
What is the hundreds digit of 7280?
2
What is the units digit of 10753?
3
What is the hundreds digit of 1847?
8
What is the units digit of 331?
1
What is the tens digit of 26035?
3
What is the ten thousands digit of 52661?
5
What is the tens digit of 177?
7
What is the units digit of 887?
7
What is the ten thousands digit of 39271?
3
What is the tens digit of 8786?
8
What is the units digit of 607?
7
What is the units digit of 425?
5
What is the thousands digit of 30401?
0
What is the ten thousands digit of 18922?
1
What is the units digit of 849?
9
What is the ten thousands digit of 24781?
2
What is the hundreds digit of 524?
5
What is the tens digit of 1263?
6
What is the hundreds digit of 677?
6
What is the units digit of 44507?
7
What is the units digit of 1036?
6
What is the units digit of 20882?
2
What is the tens digit of 5275?
7
What is the thousands digit of 19272?
9
What is the tens digit of 32602?
0
What is the hundreds digit of 7695?
6
What is the units digit of 4567?
7
What is the tens digit of 88696?
9
What is the thousands digit of 1056?
1
What is the ten thousands digit of 11021?
1
What is the ten thousands digit of 20046?
2
What is the units digit of 7224?
4
What is the tens digit of 2041?
4
What is the hundreds digit of 14640?
6
What is the hundreds digit of 1080?
0
What is the tens digit of 10086?
8
What is the hundreds digit of 314?
3
What is the hundreds digit of 960?
9
What is the thousands digit of 1323?
1
What is the units digit of 57267?
7
What is the hundreds digit of 2467?
4
What is the tens digit of 1648?
4
What is the hundreds digit of 8214?
2
What is the hundreds digit of 2474?
4
What is the units digit of 85276?
6
What is the units digit of 522?
2
What is the tens digit of 2854?
5
What is the units digit of 45208?
8
What is the hundreds digit of 15066?
0
What is the tens digit of 6185?
8
What is the ten thousands digit of 15244?
1
What is the thousands digit of 19617?
9
What is the units digit of 186?
6
What is the thousands digit of 53985?
3
What is the hundreds digit of 92742?
7
What is the hundreds digit of 26804?
8
What is the hundreds digit of 2514?
5
What is the tens digit of 20475?
7
What is the tens digit of 92193?
9
What is the units digit of 38192?
2
What is the tens digit of 5409?
0
What is the thousands digit of 1412?
1
What is the units digit of 231?
1
What is the hundreds digit of 42150?
1
What is the hundreds digit of 13394?
3
What is the hundreds digit of 6965?
9
What is the tens digit of 12092?
9
What is the units digit of 76374?
4
What is the units digit of 1036?
6
What is the hundreds digit of 1298?
2
What is the tens digit of 1085?
8
What is the hundreds digit of 4570?
5
What is the units digit of 21309?
9
What is the tens digit of 56544?
4
What is the units digit of 798?
8
What is the units digit of 1045?
5
What is the units digit of 795?
5
What is the hundreds digit of 18607?
6
What is the tens digit of 1816?
1
What is the units digit of 2448?
8
What is the tens digit of 15881?
8
What is the ten thousands digit of 149134?
4
What is the ten thousands digit of 25414?
2
What is the hundreds digit of 67598?
5
What is the tens digit of 464?
6
What is the tens digit of 664?
6
What is the hundreds digit of 3299?
2
What is the thousands digit of 25724?
5
What is the tens digit of 97933?
3
What is the hundreds digit of 1649?
6
What is the hundreds digit of 772?
7
What is the hundred thousands digit of 145699?
1
What is the hundreds digit of 103?
1
What is the units digit of 12?
2
What is the tens digit of 5595?
9
What is the tens digit of 1191?
9
What is the hundreds digit of 39140?
1
What is the hundreds digit of 559?
5
What is the units digit of 7546?
6
What is the tens digit of 41124?
2
What is the thousands digit of 3124?
3
What is the ten thousands digit of 110071?
1
What is the tens digit of 4271?
7
What is the units digit of 7?
7
What is the units digit of 152?
2
What is the tens digit of 2251?
5
What is the ten thousands digit of 15215?
1
What is the ten thousands digit of 44346?
4
What is the thousands digit of 1537?
1
What is the thousands di